
True
Is 10591111 prime?
True
Is 146038169 a composite number?
True
Is 437467 a composite number?
False
Is 2852099 composite?
False
Is 4162049 composite?
False
Is 1018471 a composite number?
False
Is 397571935 a prime number?
False
Is 27750031 composite?
False
Is 46217243 a prime number?
True
Is 20903459 composite?
False
Is 256061677 a composite number?
True
Is 181507747 prime?
True
Is 3515483 a composite number?
False
Is 731110421 composite?
False
Is 4554401 a composite number?
False
Is 1521089 a prime number?
True
Is 19217729 prime?
True
Is 14847893 prime?
False
Is 8501 composite?
False
Is 536659 composite?
True
Is 135004669 prime?
False
Is 31897609 a prime number?
True
Is 23425103 a composite number?
True
Is 7253699 a composite number?
False
Is 1757687 a composite number?
False
Is 419997097 composite?
True
Is 6078909 a composite number?
True
Is 3479303 prime?
True
Is 602872693 composite?
True
Is 178259 composite?
False
Is 73085819 a prime number?
False
Is 1881389 composite?
False
Is 3571661 a composite number?
False
Is 337769841 prime?
False
Is 497553359 composite?
False
Is 540539 a prime number?
True
Is 2010221 composite?
False
Is 7973309 composite?
False
Is 120462077 a composite number?
False
Is 801943 a prime number?
False
Is 2175761 a prime number?
False
Is 56839711 composite?
False
Is 4166447 a composite number?
False
Is 969011 a prime number?
True
Is 23216831 prime?
False
Is 802405 a prime number?
False
Is 102031067 a prime number?
True
Is 1466554807 a prime number?
True
Is 114229 a composite number?
False
Is 1949801 prime?
False
Is 42547519 composite?
True
Is 1390891 a composite number?
False
Is 67097491 prime?
False
Is 6694229 prime?
True
Is 3983783 prime?
False
Is 18244777 prime?
True
Is 1594085 a prime number?
False
Is 1889539 composite?
False
Is 20042939 composite?
True
Is 15634637 a prime number?
False
Is 387427207 composite?
False
Is 338153 a composite number?
False
Is 88069763 prime?
False
Is 791191 prime?
True
Is 6686479 a composite number?
False
Is 1856453 composite?
True
Is 298048207 prime?
True
Is 882702699 prime?
False
Is 28950641 a prime number?
True
Is 7611653 prime?
False
Is 230657303 composite?
False
Is 743689153 prime?
False
Is 582171 prime?
False
Is 1091193 a composite number?
True
Is 244665847 composite?
False
Is 22831669 a composite number?
True
Is 3864871 a prime number?
True
Is 1863907 a prime number?
False
Is 197517451 composite?
True
Is 1902479 a composite number?
True
Is 18889765 prime?
False
Is 170627 composite?
False
Is 932149 prime?
True
Is 51642523 a prime number?
False
Is 707762021 composite?
False
Is 62531803 prime?
True
Is 5706269 a prime number?
True
Is 3255323 a composite number?
True
Is 2434787 composite?
False
Is 7321297 composite?
True
Is 4664897 a prime number?
False
Is 885551 a prime number?
True
Is 27325451 a prime number?
True
Is 4369271 prime?
False
Is 11871583 a prime number?
False
Is 110339353 prime?
True
Is 897597287 a composite number?
True
Is 4236619 a composite number?
False
Is 297334 a composite number?
True
Is 149439937 a prime number?
True
Is 70454929 composite?
False
Is 247976763 a composite number?
True
Is 3369581 composite?
True
Is 8253337 composite?
False
Is 3986111 composite?
False
Is 77476373 composite?
True
Is 975650441 a composite number?
True
Is 6323839 a composite number?
False
Is 32640331 a composite number?
True
Is 451387 a prime number?
True
Is 4977403 prime?
True
Is 1408921 prime?
False
Is 196549297 composite?
True
Is 34791409 composite?
False
Is 8772059 composite?
True
Is 3293071 prime?
False
Is 82835591 composite?
True
Is 7805821 prime?
True
Is 67099259 prime?
False
Is 3746541 composite?
True
Is 15725621 a prime number?
True
Is 63696067 prime?
True
Is 47845789 a prime number?
True
Is 39423239 a prime number?
True
Is 27709631 a composite number?
False
Is 550019 a composite number?
True
Is 41107997 composite?
True
Is 476350421 composite?
True
Is 11236879 prime?
True
Is 453493667 prime?
False
Is 1201633 a composite number?
False
Is 119801837 prime?
True
Is 37471067 prime?
False
Is 143193919 prime?
False
Is 9942406 a prime number?
False
Is 697505203 a composite number?
False
Is 2664247 composite?
False
Is 70637617 a composite number?
False
Is 546299 prime?
False
Is 16075997 a prime number?
False
Is 73907797 prime?
True
Is 36888277 prime?
True
Is 5050027 a prime number?
False
Is 32840513 a prime number?
True
Is 10395533 a composite number?
True
Is 36282991 composite?
True
Is 300081295 a prime number?
False
Is 6773561 composite?
True
Is 471347141 a composite number?
False
Is 135893 prime?
True
Is 6170429 a composite number?
False
Is 23835467 composite?
False
Is 1099181 a prime number?
True
Is 4243159 a prime number?
False
Is 92551 a composite number?
False
Is 43920607 prime?
False
Is 676523201 prime?
True
Is 5086409 a prime number?
True
Is 17726213 a composite number?
False
Is 3715237 a composite number?
True
Is 136452677 composite?
False
Is 13533607 composite?
True
Is 8284273 composite?
False
Is 8229523 composite?
True
Is 24889 composite?
False
Is 11027559 prime?
False
Is 78150739 prime?
False
Is 233286071 a prime number?
True
Is 6510281 prime?
True
Is 96169603 prime?
True
Is 469985479 a prime number?
True
Is 113515463 prime?
False
Is 2128319 composite?
False
Is 8431373 a composite number?
True
Is 299314097 prime?
False
Is 4595051 a prime number?
True
Is 125960963 prime?
True
Is 18133777 prime?
True
Is 18245497 a composite number?
True
Is 10839237 composite?
True
Is 425849 composite?
True
Is 15671699 composite?
False
Is 7133019 prime?
False
Is 114291215 prime?
False
Is 99479641 a prime number?
False
Is 2183914 prime?
False
Is 4643063 a prime number?
True
Is 135790201 composite?
False
Is 6965117 a prime number?
False
Is 108759467 a composite number?
False
Is 162557969 composite?
True
Is 59206247 a prime number?
False
Is 6163723 composite?
True
Is 5540291 composite?
True
Is 23666521 composite?
True
Is 32885959 prime?
False
Is 236389 prime?
False
Is 15231781 prime?
True
Is 6431891 prime?
True
Is 2801231 a prime number?
False
Is 83803673 a composite number?
False
Is 4135 a composite number?
True
Is 22315637 a composite number?
False
Is 1617103 composite?
False
Is 20068382 composite?
True
Is 155325607 a composite number?
False
Is 1652123 a composite number?
True
Is 109731437 a prime number?
False
Is 13311553 composite?
True
Is 8971091 composite?
False
Is 51188783 a composite number?
True
Is 3979357 a prime number?
True
Is 381923083 a composite number?
False
Is 692105099 composite?
True
Is 1523381 a composite number?
False
Is 61759931 a prime number?
False
Is 4517057 a prime number?
False
Is 14865901 a prime number?
True
Is 2343949 composite?
False
Is 12428279 prime?
True
Is 34209451 prime?
True
Is 5156051 a prime number?
True
Is 19222349 prime?
False
Is 8644661 composite?
False
Is 43377037 a composite number?
True
Is 1580309 a prime number?
True
Is 5595011 a composite number?
True
Is 1490747 composite?
True
Is 407567 a composite number?
False
Is 3559187 composite?
True
Is 331651 a prime number?
True
Is 195044305 a prime number?
False
Is 510916799 a composite number?
False
Is 1298078 composite?
True
Is 82975777 prime?
True
Is 82427759 a composite number?
False
Is 2368211 prime?
True
Is 60248626 a prime number?
False
Is 321791 a prime number?
False
Is 5028143 prime?
False
Is 9851371 prime?
False
Is 667819114 prime?
False
Is 5619553 a composite number?
False
Is 497499578 a composite number?
True
Is 1187047 composite?
False
Is 11917037 composite?
True
Is 17270247 a composite number?
True
Is 37621769 a prime number?
True
Is 29797841 prime?
True
Is 19072441 composite?
True
Is 35068481 composite?
True
Is 377483281 prime?
False
Is 3667967 a composite number?
False
Is 6659069 a composite number?
True
Is 22693471 a composite number?
False
Is 1326991 a prime number?
False
Is 11683127 prime?
True
Is 21031529 a prime number?
True
Is 4853897 composite?
True
Is 29916307 prime?
False
Is 296858431 composite?
False
Is 13130231 prime?
True
Is 4691173 composite?
False
Is 2656009 a prime number?
True
Is 55876459 a prime number?
False
Is 20883043 a composite number?
False
Is 4568423 prime?
False
Is 55375549 composite?
False
Is 336695 prime?
False
Is 27895409 a composite number?
False
Is 1732544